{"id":6,"date":"2016-11-24T11:55:35","date_gmt":"2016-11-24T10:55:35","guid":{"rendered":"http:\/\/www.praxis-volker-goeller.de\/?page_id=6"},"modified":"2017-01-03T20:30:15","modified_gmt":"2017-01-03T19:30:15","slug":"startseite","status":"publish","type":"page","link":"http:\/\/www.praxis-volker-goeller.de\/","title":{"rendered":"Leistungs\u00fcbersicht"},"content":{"rendered":"<p><span style=\"color: #dd8519;\"><div class='content-column one_half'><\/span><\/p>\n<h3><span style=\"color: #dd8519;\">Ganzheitliche Krankengymnastik<\/span><\/h3>\n<p><span style=\"color: #dd8519;\">30 Jahre beruflicher Erfahrung stehen Ihnen zur Verf\u00fcgung, um mit Ihnen individuell gesundheitliche Beeintr\u00e4chtigungen Ihres K\u00f6rpers und seiner Funktionen zu verbessern und m\u00f6glichst zu beseitigen. Dabei steht prim\u00e4r der Mensch und sein physischer Leib mit dem gesamten Spektrum seiner Bewegungsm\u00f6glichkeiten im Mittelpunkt der Betrachtung.<\/span><\/p>\n<p><span style=\"color: #dd8519;\">In einem gemeinsam entwickelten Behandlungsverlauf wird versucht s\u00e4mtliche relevanten Aspekte der aktuell vorliegenden k\u00f6rperlichen Bewegungs- und Funktionsver\u00e4nderungen zu erfassen, um Ihnen praktische M\u00f6glichkeiten der Selbsthilfe zu er\u00f6ffnen, die sich vorrangig.an Ihrem beruflichen Alltag und Ihrer pers\u00f6nlichen Lebensgestaltung orientieren.\u00a0<\/span><\/p>\n<p><span style=\"color: #dd8519;\">F\u00fcr ein pers\u00f6nliches Vorgespr\u00e4ch oder eine Terminvereinbarung bin ich f\u00fcr Sie unter der Telefonnummer 0611-371118 erreichbar.<\/div><div class='content-column one_half last_column'><\/span><\/p>\n<h3><span style=\"color: #dd8519;\">Meine individuell abgestimmten Leistungen umfassen:<\/span><\/h3>\n<ul>\n<li><span style=\"color: #dd8519;\">Manuelle Therapie<\/span><\/li>\n<li><span style=\"color: #dd8519;\">Bobath Erwachsene<br \/>\n<\/span><\/li>\n<li><span style=\"color: #dd8519;\">Krankengymnastik<\/span><\/li>\n<li><span style=\"color: #dd8519;\">Physiotherapie <\/span><\/li>\n<li><span style=\"color: #dd8519;\">Cranio-Mandibul\u00e4re-Dysfunktion (CMD)<\/span><\/li>\n<li><span style=\"color: #dd8519;\">Triggerpunktbehandlung<\/span><\/li>\n<li><span style=\"color: #dd8519;\">Faszienbehandlung<\/span><\/li>\n<li><span style=\"color: #dd8519;\">Fango \/ Hei\u00dfluft<\/span><\/li>\n<li><span style=\"color: #dd8519;\">Kryotherapie<\/span><\/li>\n<li><span style=\"color: #dd8519;\">Schlingentisch- \/ Extensionsbehandlung<\/span><\/li>\n<li><span style=\"color: #dd8519;\">Hausbesuch<br \/>\n<\/span><span style=\"color: #dd8519;\"><\/div><div class='clear_column'><\/div><\/span><\/li>\n<\/ul>\n<p>&nbsp;<\/p>\n<p>&nbsp;<\/p>\n<p>&nbsp;<\/p>\n<p>&nbsp;<\/p>\n<p>&nbsp;<\/p>\n<p>&nbsp;<\/p>\n<p>&nbsp;<\/p>\n<p>&nbsp;<\/p>\n","protected":false},"excerpt":{"rendered":"<p>&nbsp; &nbsp; &nbsp; &nbsp; &nbsp; &nbsp; &nbsp; &nbsp;<\/p>\n","protected":false},"author":1,"featured_media":0,"parent":0,"menu_order":0,"comment_status":"closed","ping_status":"closed","template":"","meta":{"footnotes":""},"class_list":["post-6","page","type-page","status-publish","hentry"],"_links":{"self":[{"href":"http:\/\/www.praxis-volker-goeller.de\/index.php\/wp-json\/wp\/v2\/pages\/6","targetHints":{"allow":["GET"]}}],"collection":[{"href":"http:\/\/www.praxis-volker-goeller.de\/index.php\/wp-json\/wp\/v2\/pages"}],"about":[{"href":"http:\/\/www.praxis-volker-goeller.de\/index.php\/wp-json\/wp\/v2\/types\/page"}],"author":[{"embeddable":true,"href":"http:\/\/www.praxis-volker-goeller.de\/index.php\/wp-json\/wp\/v2\/users\/1"}],"replies":[{"embeddable":true,"href":"http:\/\/www.praxis-volker-goeller.de\/index.php\/wp-json\/wp\/v2\/comments?post=6"}],"version-history":[{"count":40,"href":"http:\/\/www.praxis-volker-goeller.de\/index.php\/wp-json\/wp\/v2\/pages\/6\/revisions"}],"predecessor-version":[{"id":132,"href":"http:\/\/www.praxis-volker-goeller.de\/index.php\/wp-json\/wp\/v2\/pages\/6\/revisions\/132"}],"wp:attachment":[{"href":"http:\/\/www.praxis-volker-goeller.de\/index.php\/wp-json\/wp\/v2\/media?parent=6"}],"curies":[{"name":"wp","href":"https:\/\/api.w.org\/{rel}","templated":true}]}}

Leistungsübersicht

<p><span style="color: #dd8519;"><div class='content-column one_half'></span></p>
<h3><span style="color: #dd8519;">Ganzheitliche Krankengymnastik</span></h3>
<p><span style="color: #dd8519;">30 Jahre beruflicher Erfahrung stehen Ihnen zur Verfügung, um mit Ihnen individuell gesundheitliche Beeinträchtigungen Ihres Körpers und seiner Funktionen zu verbessern und möglichst zu beseitigen. Dabei steht primär der Mensch und sein physischer Leib mit dem gesamten Spektrum seiner Bewegungsmöglichkeiten im Mittelpunkt der Betrachtung.</span></p>
<p><span style="color: #dd8519;">In einem gemeinsam entwickelten Behandlungsverlauf wird versucht sämtliche relevanten Aspekte der aktuell vorliegenden körperlichen Bewegungs- und Funktionsveränderungen zu erfassen, um Ihnen praktische Möglichkeiten der Selbsthilfe zu eröffnen, die sich vorrangig.an Ihrem beruflichen Alltag und Ihrer persönlichen Lebensgestaltung orientieren. </span></p>
<p><span style="color: #dd8519;">Für ein persönliches Vorgespräch oder eine Terminvereinbarung bin ich für Sie unter der Telefonnummer 0611-371118 erreichbar.</div><div class='content-column one_half last_column'></span></p>
<h3><span style="color: #dd8519;">Meine individuell abgestimmten Leistungen umfassen:</span></h3>
<ul>
<li><span style="color: #dd8519;">Manuelle Therapie</span></li>
<li><span style="color: #dd8519;">Bobath Erwachsene<br />
</span></li>
<li><span style="color: #dd8519;">Krankengymnastik</span></li>
<li><span style="color: #dd8519;">Physiotherapie </span></li>
<li><span style="color: #dd8519;">Cranio-Mandibuläre-Dysfunktion (CMD)</span></li>
<li><span style="color: #dd8519;">Triggerpunktbehandlung</span></li>
<li><span style="color: #dd8519;">Faszienbehandlung</span></li>
<li><span style="color: #dd8519;">Fango / Heißluft</span></li>
<li><span style="color: #dd8519;">Kryotherapie</span></li>
<li><span style="color: #dd8519;">Schlingentisch- / Extensionsbehandlung</span></li>
<li><span style="color: #dd8519;">Hausbesuch<br />
</span><span style="color: #dd8519;"></div><div class='clear_column'></div></span></li>
</ul>
<p>&nbsp;</p>
<p>&nbsp;</p>
<p>&nbsp;</p>
<p>&nbsp;</p>
<p>&nbsp;</p>
<p>&nbsp;</p>
<p>&nbsp;</p>
<p>&nbsp;</p>
