{"id":22,"date":"2016-11-24T12:01:50","date_gmt":"2016-11-24T11:01:50","guid":{"rendered":"http:\/\/www.praxis-volker-goeller.de\/?page_id=22"},"modified":"2016-12-25T16:36:02","modified_gmt":"2016-12-25T15:36:02","slug":"anfahrt","status":"publish","type":"page","link":"http:\/\/www.praxis-volker-goeller.de\/index.php\/anfahrt\/","title":{"rendered":"Anfahrt"},"content":{"rendered":"<p style=\"text-align: center;\">[huge_it_maps id=&#8220;1&#8243;]<\/p>\n<h3 style=\"text-align: left;\"><span style=\"color: #dd8519;\">Eine Anfahrtsbeschreibung:<\/span><\/h3>\n<p><span style=\"color: #dd8519;\">Vom Hauptbahnhof kommend mit dem Bus:<\/span><\/p>\n<p><span style=\"color: #dd8519;\">Bussteig D: Linien 1, 3, 6, 8, 16, 33 an der Haltestelle &#8222;Landeshaus&#8220; oder &#8222;Scheffelstra\u00dfe&#8220;<\/span><\/p>\n<hr \/>\n<p><span style=\"color: #dd8519;\">In der Stra\u00dfen sind auch kostenpflichtige Parkm\u00f6glichkeiten vorhanden.<\/span><\/p>\n","protected":false},"excerpt":{"rendered":"<p>[huge_it_maps id=&#8220;1&#8243;] Eine Anfahrtsbeschreibung: Vom Hauptbahnhof kommend mit dem Bus: Bussteig D: Linien 1, 3, 6, 8, 16, 33 an der Haltestelle &#8222;Landeshaus&#8220; oder &#8222;Scheffelstra\u00dfe&#8220; In der Stra\u00dfen sind auch kostenpflichtige Parkm\u00f6glichkeiten vorhanden.<\/p>\n","protected":false},"author":1,"featured_media":0,"parent":0,"menu_order":0,"comment_status":"closed","ping_status":"closed","template":"","meta":{"footnotes":""},"class_list":["post-22","page","type-page","status-publish","hentry"],"_links":{"self":[{"href":"http:\/\/www.praxis-volker-goeller.de\/index.php\/wp-json\/wp\/v2\/pages\/22","targetHints":{"allow":["GET"]}}],"collection":[{"href":"http:\/\/www.praxis-volker-goeller.de\/index.php\/wp-json\/wp\/v2\/pages"}],"about":[{"href":"http:\/\/www.praxis-volker-goeller.de\/index.php\/wp-json\/wp\/v2\/types\/page"}],"author":[{"embeddable":true,"href":"http:\/\/www.praxis-volker-goeller.de\/index.php\/wp-json\/wp\/v2\/users\/1"}],"replies":[{"embeddable":true,"href":"http:\/\/www.praxis-volker-goeller.de\/index.php\/wp-json\/wp\/v2\/comments?post=22"}],"version-history":[{"count":17,"href":"http:\/\/www.praxis-volker-goeller.de\/index.php\/wp-json\/wp\/v2\/pages\/22\/revisions"}],"predecessor-version":[{"id":108,"href":"http:\/\/www.praxis-volker-goeller.de\/index.php\/wp-json\/wp\/v2\/pages\/22\/revisions\/108"}],"wp:attachment":[{"href":"http:\/\/www.praxis-volker-goeller.de\/index.php\/wp-json\/wp\/v2\/media?parent=22"}],"curies":[{"name":"wp","href":"https:\/\/api.w.org\/{rel}","templated":true}]}}